{"id":1059,"date":"2017-06-08T23:08:03","date_gmt":"2017-06-08T23:08:03","guid":{"rendered":"http:\/\/esba-basket.com\/santander-2017\/?page_id=1059"},"modified":"2017-06-17T08:16:39","modified_gmt":"2017-06-17T08:16:39","slug":"friendly-game","status":"publish","type":"page","link":"https:\/\/esba-basket.com\/santander-2017\/friendly-game\/","title":{"rendered":"Friendly Game"},"content":{"rendered":"<h1><span style=\"color: #0000ff;\"><strong>\u201cCantabrian selection\u201d <\/strong><\/span>vs <span style=\"color: #008000;\"><strong>\u201cE<span class=\"__in\">uropean<\/span> selection\u201d<\/strong><\/span><\/h1>\n<p><span style=\"color: #0000ff;\"><strong>\u201cCantabrian selection\u201d<\/strong><\/span><\/p>\n<p>1. Luc\u00eda Mart\u00ednez Diego (Spain)<br \/>\n2. Bego\u00f1a Garc\u00eda\u00a0(Spain)<br \/>\n3. Noelia Pern\u00eda\u00a0(Spain)<br \/>\n4. Saray Ruiz\u00a0(Spain)<br \/>\n5. Raul Respuela\u00a0(Spain)<br \/>\n6. David Garc\u00eda Pe\u00f1a\u00a0(Spain)<br \/>\n7. Alberto de Miguel\u00a0(Spain)<br \/>\n8. Fernando Garc\u00eda S\u00e1nchez\u00a0(Spain)<br \/>\n9. Jes\u00fas de las Heras\u00a0(Spain)<br \/>\n10. Jorge Rosino\u00a0(Spain)<br \/>\n11. Alejandro Urtiaga\u00a0(Spain)<br \/>\n12. Rafael Pe\u00f1alba\u00a0(Spain)<\/p>\n<hr \/>\n<p>&nbsp;<\/p>\n<p><span style=\"color: #008000;\"><strong>\u201cEuropean selection\u201d<\/strong><\/span><\/p>\n<p>1. Susanne Pflueger (Germany)<br \/>\n2. Jolanta Jurciuviene (Lithuania)<br \/>\n3.\u00a0Shyvaho Svitlana (Ukraine)<br \/>\n4. Silvija Jankauska (Latvia)<br \/>\n5.\u00a0Beslan Shlarba\u00a0(Abkhazia)<br \/>\n6. Alexey Ugriumov (Russia)<br \/>\n7. Julius\u00a0Pflueger (Germany)<br \/>\n8.\u00a0Ulf Rochti (Germany)<br \/>\n9. Valeri Mikhailov\u00a0(Russia)<br \/>\n10. Mait Kabin (Estonia)<br \/>\n11. Oleg Pelekh (Ukraine)<\/p>\n<hr \/>\n<p><strong>Head coach<\/strong>: Virginijus Jankauskas (Lithuania)<br \/>\nCoach:\u00a0Oliga Macovchina (Ukraine)<br \/>\nCoach:\u00a0Rasa Augustinien\u0117 (Lithuania)<\/p>\n<hr \/>\n<p><strong>Games&#8217; referees<\/strong>:<br \/>\nVolodymyr Gluskyi\u00a0(Ukraine)<br \/>\nPaul Donovan (Ireland)<\/p>\n","protected":false},"excerpt":{"rendered":"<p>\u201cCantabrian selection\u201d vs \u201cEuropean selection\u201d \u201cCantabrian selection\u201d 1. Luc\u00eda Mart\u00ednez Diego (Spain) 2. Bego\u00f1a Garc\u00eda\u00a0(Spain) 3. Noelia Pern\u00eda\u00a0(Spain) 4. Saray Ruiz\u00a0(Spain) 5. Raul Respuela\u00a0(Spain) 6. David Garc\u00eda Pe\u00f1a\u00a0(Spain) 7. Alberto [&hellip;]<\/p>\n","protected":false},"author":4,"featured_media":0,"parent":0,"menu_order":0,"comment_status":"open","ping_status":"open","template":"","meta":{"footnotes":""},"class_list":["post-1059","page","type-page","status-publish","hentry"],"_links":{"self":[{"href":"https:\/\/esba-basket.com\/santander-2017\/wp-json\/wp\/v2\/pages\/1059","targetHints":{"allow":["GET"]}}],"collection":[{"href":"https:\/\/esba-basket.com\/santander-2017\/wp-json\/wp\/v2\/pages"}],"about":[{"href":"https:\/\/esba-basket.com\/santander-2017\/wp-json\/wp\/v2\/types\/page"}],"author":[{"embeddable":true,"href":"https:\/\/esba-basket.com\/santander-2017\/wp-json\/wp\/v2\/users\/4"}],"replies":[{"embeddable":true,"href":"https:\/\/esba-basket.com\/santander-2017\/wp-json\/wp\/v2\/comments?post=1059"}],"version-history":[{"count":18,"href":"https:\/\/esba-basket.com\/santander-2017\/wp-json\/wp\/v2\/pages\/1059\/revisions"}],"predecessor-version":[{"id":1431,"href":"https:\/\/esba-basket.com\/santander-2017\/wp-json\/wp\/v2\/pages\/1059\/revisions\/1431"}],"wp:attachment":[{"href":"https:\/\/esba-basket.com\/santander-2017\/wp-json\/wp\/v2\/media?parent=1059"}],"curies":[{"name":"wp","href":"https:\/\/api.w.org\/{rel}","templated":true}]}}