{"id":108,"date":"2022-09-12T09:31:32","date_gmt":"2022-09-12T09:31:32","guid":{"rendered":"http:\/\/esba-basket.com\/baltic-cup-2022\/?page_id=108"},"modified":"2022-09-28T13:16:06","modified_gmt":"2022-09-28T13:16:06","slug":"social-party","status":"publish","type":"page","link":"https:\/\/esba-basket.com\/baltic-cup-2022\/social-party\/","title":{"rendered":"Social party"},"content":{"rendered":"<p><strong>Social party will take place\u00a0in the &#8220;Virk\u0161tinink\u0173 dvaro u\u017eeiga&#8221;<\/strong>\u00a0 \u2013 a<span class=\"_xdb\">ddress: Liepu str. 6,\u00a0Vydmantai, exactly 4,3 km from the city Palanga centre.<\/span><\/p>\n<p><a title=\"Social party\" href=\"https:\/\/virkstininkudvaras.lt\/en\/\" target=\"_blank\">https:\/\/virkstininkudvaras.lt\/en\/<\/a><\/p>\n<p>Opening at\u00a020:00<\/p>\n<p><a href=\"http:\/\/esba-basket.com\/baltic-cup-2022\/wp-content\/uploads\/sites\/27\/2022\/09\/Virkstininkai-dvaro-uzeiga.jpg\"><img loading=\"lazy\" decoding=\"async\" class=\"alignnone size-full wp-image-244\" src=\"http:\/\/esba-basket.com\/baltic-cup-2022\/wp-content\/uploads\/sites\/27\/2022\/09\/Virkstininkai-dvaro-uzeiga.jpg\" alt=\"Virkstininkai dvaro uzeiga\" width=\"640\" height=\"853\" srcset=\"https:\/\/esba-basket.com\/baltic-cup-2022\/wp-content\/uploads\/sites\/27\/2022\/09\/Virkstininkai-dvaro-uzeiga.jpg 640w, https:\/\/esba-basket.com\/baltic-cup-2022\/wp-content\/uploads\/sites\/27\/2022\/09\/Virkstininkai-dvaro-uzeiga-225x300.jpg 225w\" sizes=\"auto, (max-width: 640px) 100vw, 640px\" \/><\/a><\/p>\n<p><a href=\"http:\/\/esba-basket.com\/baltic-cup-2022\/wp-content\/uploads\/sites\/27\/2022\/09\/Virkstininkai-dvaro-uzeiga-01.jpg\"><img loading=\"lazy\" decoding=\"async\" class=\"alignnone size-full wp-image-245\" src=\"http:\/\/esba-basket.com\/baltic-cup-2022\/wp-content\/uploads\/sites\/27\/2022\/09\/Virkstininkai-dvaro-uzeiga-01.jpg\" alt=\"Virkstininkai dvaro uzeiga 01\" width=\"640\" height=\"853\" srcset=\"https:\/\/esba-basket.com\/baltic-cup-2022\/wp-content\/uploads\/sites\/27\/2022\/09\/Virkstininkai-dvaro-uzeiga-01.jpg 640w, https:\/\/esba-basket.com\/baltic-cup-2022\/wp-content\/uploads\/sites\/27\/2022\/09\/Virkstininkai-dvaro-uzeiga-01-225x300.jpg 225w\" sizes=\"auto, (max-width: 640px) 100vw, 640px\" \/><\/a><\/p>\n","protected":false},"excerpt":{"rendered":"<p>Social party will take place\u00a0in the &#8220;Virk\u0161tinink\u0173 dvaro u\u017eeiga&#8221;\u00a0 \u2013 address: Liepu str. 6,\u00a0Vydmantai, exactly 4,3 km from the city Palanga centre. https:\/\/virkstininkudvaras.lt\/en\/ Opening at\u00a020:00<\/p>\n","protected":false},"author":17,"featured_media":0,"parent":0,"menu_order":0,"comment_status":"open","ping_status":"open","template":"","meta":{"footnotes":""},"class_list":["post-108","page","type-page","status-publish","hentry"],"_links":{"self":[{"href":"https:\/\/esba-basket.com\/baltic-cup-2022\/wp-json\/wp\/v2\/pages\/108","targetHints":{"allow":["GET"]}}],"collection":[{"href":"https:\/\/esba-basket.com\/baltic-cup-2022\/wp-json\/wp\/v2\/pages"}],"about":[{"href":"https:\/\/esba-basket.com\/baltic-cup-2022\/wp-json\/wp\/v2\/types\/page"}],"author":[{"embeddable":true,"href":"https:\/\/esba-basket.com\/baltic-cup-2022\/wp-json\/wp\/v2\/users\/17"}],"replies":[{"embeddable":true,"href":"https:\/\/esba-basket.com\/baltic-cup-2022\/wp-json\/wp\/v2\/comments?post=108"}],"version-history":[{"count":8,"href":"https:\/\/esba-basket.com\/baltic-cup-2022\/wp-json\/wp\/v2\/pages\/108\/revisions"}],"predecessor-version":[{"id":286,"href":"https:\/\/esba-basket.com\/baltic-cup-2022\/wp-json\/wp\/v2\/pages\/108\/revisions\/286"}],"wp:attachment":[{"href":"https:\/\/esba-basket.com\/baltic-cup-2022\/wp-json\/wp\/v2\/media?parent=108"}],"curies":[{"name":"wp","href":"https:\/\/api.w.org\/{rel}","templated":true}]}}