{"id":193,"date":"2016-02-12T10:57:20","date_gmt":"2016-02-12T10:57:20","guid":{"rendered":"http:\/\/esba-basket.com\/baltic-cup-2016\/?page_id=193"},"modified":"2016-02-12T13:40:00","modified_gmt":"2016-02-12T13:40:00","slug":"arrival","status":"publish","type":"page","link":"https:\/\/esba-basket.com\/baltic-cup-2016\/arrival\/","title":{"rendered":"Arrival"},"content":{"rendered":"<p><strong><span style=\"color: #981e32;\">By Car<\/span><\/strong><\/p>\n<p>Riga-Liepaja: Highway A9, distance 220 km<br \/>\nKlaipeda-Liepaja: Highway A11, distance 100 km<\/p>\n<p><strong><span style=\"color: #981e32;\">By Train<\/span><\/strong><\/p>\n<p>From Riga Railway Station: <strong>Fri 18:25<\/strong>\u00a0Riga-Liepaja<br \/>\nFrom Liepaja Railway Station: <strong>Sun 17:30<\/strong>\u00a0Liepaja-Riga<br \/>\nCheck the timetables before departure\u00a0<a title=\"\u201cPasa\u017eieru vilciens\u201d (\u201cPassenger train\u201d)\" href=\"http:\/\/www.pv.lv\/en\/\" target=\"_blank\">www.pv.lv\/en\/<\/a>, <a href=\"http:\/\/www.1188.lv\/transport\" target=\"_blank\">www.1188.lv\u00a0<\/a><\/p>\n<p><strong><span style=\"color: #981e32;\">By Bus<\/span><\/strong><\/p>\n<p>From\/ to <strong>Riga Bus Terminal<\/strong> and <strong>Riga Airport<\/strong><br \/>\nRiga \u2013 Liepaja 3-3,5 h, 220 km<br \/>\nLiepaja bus company offers you the possibility to get from Liepaja to the airport \u201cRiga\u201d and also in the opposite direction from the airport \u201cRiga\u201d to Liepaja without entering the centre of Riga by using the bus route Riga-Liepaja-Riga.<br \/>\nTo get from the airport \u201cRiga\u201d to Liepaja, on the day of travel reserve your seat in the bus by phone +371 634 22754 or +371 26 393 694. To get from Liepaja to the airport \u201cRiga\u201d, purchase in addition to the bus ticket a voucher for 1.42 EUR at the bus driver. Liep\u0101ja bus company offers to use Wi-Fi free of charge in the route R\u012bga-Liep\u0101ja-R\u012bga.<br \/>\nCheck the timetables before departure <a href=\"http:\/\/www.autoosta.lv\/?lang=en\" target=\"_blank\">www.autoosta.lv<\/a>, <a href=\"http:\/\/www.1188.lv\/transport\" target=\"_blank\">www.1188.lv<\/a><br \/>\nTickets on-line\u00a0<a href=\"http:\/\/www.bezrindas.lv\/en\/bus\/index\" target=\"_blank\">www.bezrindas.lv<\/a>;\u00a0<a href=\"http:\/\/www.buseurope.eu\/front\/home.seam\" target=\"_blank\">www.buseurope.eu<\/a><\/p>\n<p>From\/ to <strong>Klaipeda<\/strong> and <strong>Palanga<\/strong><br \/>\nKlaip\u0113da \u2013 Liep\u0101ja 1,5-2 h, 100 km<br \/>\nPalanga \u2013 Liep\u0101ja 1 h, 70 km<br \/>\nCheck the timetables before departure <a title=\"Liepajas ture\" href=\"http:\/\/www.liepajasture.lv\/en\/\" target=\"_blank\">www.liepajasture.lv<\/a> <a title=\"Ecolines\" href=\"http:\/\/legacy.ecolines.net\/index.php?l=2\" target=\"_blank\">www.ecolines.net<\/a><\/p>\n<p><strong><span style=\"color: #981e32;\">By Plane<\/span><\/strong><\/p>\n<p><span style=\"color: #981e32;\"><strong>Riga International Airport<\/strong><\/span> (220 km from Liepaja)<br \/>\nFlights from\/to 83 destinations<br \/>\nMuzeju Street 1, Marupes novads<br \/>\n1817 (call with a charge), <a title=\"Riga International Airport \" href=\"http:\/\/www.riga-airport.com\/\" target=\"_blank\">www.riga-airport.com<\/a><\/p>\n<p><span style=\"color: #981e32;\"><strong><span style=\"color: #981e32;\">Palanga<\/span> International Airport<\/strong><\/span> (70 km from Liepaja)<br \/>\nFlights from\/to: Copenhagen, Oslo, Riga, Moscow<br \/>\nLiepojos highway 1, Palanga, Lietuva<br \/>\n+370 460 52020, <a href=\"mailto: ops@palanga-airport.lt\" target=\"_blank\">ops@palanga-airport.lt<\/a>;\u00a0<a title=\"Palanga International Airport\" href=\"http:\/\/www.palanga-airport.lt\/en\" target=\"_blank\">www.palanga-airport.lt<\/a><\/p>\n<p><span style=\"color: #981e32;\"><strong>By Ferry<\/strong><\/span><\/p>\n<p>From\/ to\u00a0<strong>Travem\u00fcnde\u00a0<\/strong>(L\u00fcbeck, Germany), 20-24h<br \/>\nFrom \/ to <strong>Nyn\u00e4shamn<\/strong> (Sweden), 12h<br \/>\nLiepaja Ferry Terminal, Brivostas Street 46<br \/>\n+371 636\u00a022999,\u00a0<a href=\"http:\/\/www.stenaline.co.uk\/\" target=\"_blank\">www.stenaline.lv<\/a><\/p>\n","protected":false},"excerpt":{"rendered":"<p>By Car Riga-Liepaja: Highway A9, distance 220 km Klaipeda-Liepaja: Highway A11, distance 100 km By Train From Riga Railway Station: Fri 18:25\u00a0Riga-Liepaja From Liepaja Railway Station: Sun 17:30\u00a0Liepaja-Riga Check the [&hellip;]<\/p>\n","protected":false},"author":4,"featured_media":0,"parent":0,"menu_order":0,"comment_status":"open","ping_status":"open","template":"","meta":{"footnotes":""},"class_list":["post-193","page","type-page","status-publish","hentry"],"_links":{"self":[{"href":"https:\/\/esba-basket.com\/baltic-cup-2016\/wp-json\/wp\/v2\/pages\/193","targetHints":{"allow":["GET"]}}],"collection":[{"href":"https:\/\/esba-basket.com\/baltic-cup-2016\/wp-json\/wp\/v2\/pages"}],"about":[{"href":"https:\/\/esba-basket.com\/baltic-cup-2016\/wp-json\/wp\/v2\/types\/page"}],"author":[{"embeddable":true,"href":"https:\/\/esba-basket.com\/baltic-cup-2016\/wp-json\/wp\/v2\/users\/4"}],"replies":[{"embeddable":true,"href":"https:\/\/esba-basket.com\/baltic-cup-2016\/wp-json\/wp\/v2\/comments?post=193"}],"version-history":[{"count":7,"href":"https:\/\/esba-basket.com\/baltic-cup-2016\/wp-json\/wp\/v2\/pages\/193\/revisions"}],"predecessor-version":[{"id":247,"href":"https:\/\/esba-basket.com\/baltic-cup-2016\/wp-json\/wp\/v2\/pages\/193\/revisions\/247"}],"wp:attachment":[{"href":"https:\/\/esba-basket.com\/baltic-cup-2016\/wp-json\/wp\/v2\/media?parent=193"}],"curies":[{"name":"wp","href":"https:\/\/api.w.org\/{rel}","templated":true}]}}